INSERT INTO `bfcms_acl_permissions` VALUES ('all','All permissions',0,'2008-12-01 15:45:32',NULL),('create','Creating an entry',0,'2008-12-01 15:45:32',NULL),('delete','Deleting an entry',0,'2008-12-01 15:45:32',NULL),('read','Reading/Viewing an entry',0,'2008-12-01 15:45:32',NULL),('update','Updating/Revising an entry',0,'2008-12-01 15:45:32',NULL);


INSERT INTO `bfcms_acl_resources` VALUES ('all','','All resources','2008-11-26 19:55:14','system'),('bfcms_cart',NULL,'Cart Management','2016-03-17 16:01:52','system'),('bfcms_cells',NULL,'All Featurettes','2009-02-18 16:18:20','system'),('bfcms_orders',NULL,'Order Management','2016-03-17 16:35:09','system'),('bfcms_pages','','All pages','2008-12-19 21:50:32','system'),('bfcms_phrase',NULL,'Custom Phrases','2009-10-26 15:19:28','system'),('bfcms_resources',NULL,'','2011-09-27 15:30:22','system'),('bfcms_restrictions',NULL,'','2009-02-09 22:23:40','system'),('bfcms_revisions',NULL,'This is used when we want the ability to change or see different revisions','2009-03-03 16:47:05','system'),('bfcms_system',NULL,'System Configuration & Functionality','2012-04-26 18:05:12','system'),('bfcms_users',NULL,'All Users, Access Permissions','2008-11-26 19:04:43','system');


INSERT INTO `bfcms_acl_role_permissions` VALUES ('admin','all',1,'all','2008-11-26 22:39:02','system'),('barefoot','all',1,'all','2009-02-09 22:24:35','system'),('anonymous','bfcms_cart',1,'read','2016-03-17 16:01:58','system'),('payment_admin','bfcms_cart',1,'all','2016-03-21 20:10:03','system'),('anonymous','bfcms_cells',1,'read','2012-04-17 19:26:49','system'),('anonymous','bfcms_orders',1,'create','2016-03-17 16:35:13','system'),('payment_admin','bfcms_orders',1,'all','2016-03-21 20:10:02','system'),('anonymous','bfcms_pages',1,'read','2012-04-17 19:26:49','system'),('admin','bfcms_phrase',1,'all','2009-10-26 15:19:54','system'),('admin','bfcms_resources',1,'all','2011-09-27 15:30:49','system'),('barefoot','bfcms_resources',1,'all','2011-09-27 15:30:44','system'),('admin','bfcms_restrictions',0,'all','2009-02-09 22:24:06','system'),('admin','bfcms_revisions',1,'all','2009-03-03 16:47:39','system');


INSERT INTO `bfcms_acl_roles` VALUES ('admin',NULL,'Content Administrator','2011-08-31 18:45:55','system'),('anonymous',NULL,'Anonymous web users','2012-04-17 19:26:01','system'),('barefoot',NULL,'Barefoot Creative Staff','2011-08-31 18:45:32','system'),('customer',NULL,'Customer/Donor','2016-03-22 18:48:55','system'),('payment_admin',NULL,'Order Administrator','2016-03-21 20:09:39','system');


--
-- Dumping data for table `bfcms_config`
--

INSERT INTO `bfcms_config` VALUES ('api','google','maps.api_key',NULL,'2016-03-10 20:31:32','barefoot',NULL,NULL),('api','google','search.api_key',NULL,'2016-03-10 20:31:32','barefoot',NULL,NULL),('cell','config','Ad_Inject.cache.disable','true','2016-03-03 17:46:39','barefoot',NULL,NULL),('cell','config','Article.contextMenu.link.icon','page_add.png','2016-03-03 17:46:39','barefoot',NULL,NULL),('cell','config','Article.contextMenu.link.name','Add Article','2016-03-03 17:46:39','barefoot',NULL,NULL),('cell','config','Article.contextMenu.link.url','/article/create','2016-03-03 17:46:39','barefoot',NULL,NULL),('cell','config','Article.contextMenu.link.urlBase','cell','2016-03-03 17:46:39','barefoot',NULL,NULL),('cell','config','Article.defaults.preferred_target','default','2016-03-03 17:46:39','barefoot',NULL,NULL),('cell','config','Article.images.image.enabled','true','2016-03-03 17:46:39','barefoot',NULL,NULL),('cell','config','Article.listing.enabled','true','2016-03-03 17:46:39','barefoot',NULL,NULL),('cell','config','Article.listing.name','News Article','2016-03-03 17:46:39','barefoot',NULL,NULL),('cell','config','Article.listing.sort.e_date1','Published Date',NULL,NULL,NULL,NULL),('cell','config','Article.listing.sort.name','Article Name',NULL,NULL,NULL,NULL),('cell','config','Article.sections.article.name','Articles','2016-03-03 17:46:39','barefoot',NULL,NULL),('cell','config','Article.sections.article.url.en','article','2016-03-03 17:46:39','barefoot',NULL,NULL),('cell','config','Article.sections.article.url.fr','article','2016-03-03 17:46:39','barefoot',NULL,NULL),('cell','config','Article.sections.news.name','News','2016-03-03 17:46:39','barefoot',NULL,NULL),('cell','config','Article.sections.news.url','/news','2016-03-03 17:46:39','barefoot',NULL,NULL),('cell','config','Article.sections.news.url.en','news','2016-03-03 17:46:39','barefoot',NULL,NULL),('cell','config','Article.sections.news.url.fr','nouvelles','2016-03-03 17:46:39','barefoot',NULL,NULL),('cell','config','Article.sections.press_release.name','Press Releases','2016-03-03 17:46:39','barefoot',NULL,NULL),('cell','config','Article.sections.press_release.url.en','press-release','2016-03-03 17:46:39','barefoot',NULL,NULL),('cell','config','Article.sections.press_release.url.fr','communique-de-presse','2016-03-03 17:46:39','barefoot',NULL,NULL),('cell','config','Article.sections.stories.name','Stories','2016-03-03 17:46:39','barefoot',NULL,NULL),('cell','config','Article.sections.stories.url','/stories','2016-03-03 17:46:39','barefoot',NULL,NULL),('cell','config','Article.source','true','2016-03-03 17:46:39','barefoot',NULL,NULL),('cell','config','Article.subtitle','false','2016-03-03 17:46:39','barefoot',NULL,NULL),('cell','config','Article.templates.default','Full Article','2016-03-03 17:46:39','barefoot',NULL,NULL),('cell','config','Article.templates.sidebar','Sidebar',NULL,NULL,NULL,NULL),('cell','config','Article.templates.story','Full Story','2016-03-03 17:46:39','barefoot',NULL,NULL),('cell','config','Article.templates.summary','Summary','2016-03-03 17:46:39','barefoot',NULL,NULL),('cell','config','Article.templates.summary_alt','Summary (Alt)',NULL,NULL,NULL,NULL),('cell','config','Article.translation.enabled','true','2016-03-03 17:46:39','barefoot',NULL,NULL),('cell','config','Article_Listing.styles.columns','Columns','2016-03-03 17:46:39','barefoot',NULL,NULL),('cell','config','Article_Listing.styles.empty','Rows','2016-03-03 17:46:39','barefoot',NULL,NULL),('cell','config','Article_Listing.templates.archive','Archive Listing','2016-03-03 17:46:39','barefoot',NULL,NULL),('cell','config','Article_Listing.templates.default','Default Listing','2016-03-03 17:46:39','barefoot',NULL,NULL),('cell','config','Article_Listing.templates.headlines','Headline Listing','2016-03-03 17:46:39','barefoot',NULL,NULL),('cell','config','Article_Listing.translation.enabled','true','2016-03-03 17:46:39','barefoot',NULL,NULL),('cell','paths','base','/bfcms/cell','2016-03-03 17:46:39','barefoot',NULL,NULL),('cell','config','Base.listing.enabled','true','2016-03-03 17:46:39','barefoot',NULL,NULL),('cell','config','Base.listing.name','HTML','2016-03-03 17:46:39','barefoot',NULL,NULL),('cell','config','Base.translation.enabled','true','2016-03-03 17:46:39','barefoot',NULL,NULL),('cell','custom','BFCMS_Event','Event','2016-03-03 17:46:39','barefoot',NULL,NULL),('cell','custom','BFCMS_Product','Product',NULL,NULL,NULL,NULL),('cell','classes','border-rounded','Rounded Edges','2016-04-21 20:11:10','barefoot',NULL,NULL),('cell','config','Container.classes.bg-bot','Background Anchor Bottom',NULL,NULL,NULL,NULL),('cell','config','Container.classes.bg-top','Background Anchor Top',NULL,NULL,NULL,NULL),('cell','config','Container.classes.border-rounded','Rounded Edges','2016-03-03 17:46:39','barefoot',NULL,NULL),('cell','config','Container.classes.equal-height','Equal Column Height','2016-03-03 17:46:39','barefoot',NULL,NULL),('cell','config','Container.classes.full-width','100% Width','2016-03-03 17:46:39','barefoot',NULL,NULL),('cell','config','Container.classes.narrow','Narrow Column',NULL,NULL,NULL,NULL),('cell','config','Container.classes.on-top','Bring to Top','2016-03-03 17:46:39','barefoot',NULL,NULL),('cell','config','Container.classes.rows','Rows',NULL,NULL,NULL,NULL),('cell','config','Container.defaults.style','columns','2016-03-03 17:46:39','barefoot',NULL,NULL),('cell','config','Container.defaults.template','default','2016-03-03 17:46:39','barefoot',NULL,NULL),('cell','config','Container.styles.empty','Default',NULL,NULL,NULL,NULL),('cell','config','Container.styles.fex-bg-red','Orange',NULL,NULL,NULL,NULL),('cell','config','Container.templates.default','Columns',NULL,NULL,NULL,NULL),('cell','config','Container_Accordion.required.all.script.jquery.js_bfcms','ui','2016-03-03 17:46:39','barefoot',NULL,NULL),('cell','config','Container_Carousel.classes.border-rounded','Rounded Edges','2016-03-03 17:46:39','barefoot',NULL,NULL),('cell','config','Container_Carousel.classes.full-width','100% Width','2016-03-03 17:46:39','barefoot',NULL,NULL),('cell','config','Container_Carousel.required.all.script.jquery.js_bfcms','jcarousel','2016-03-03 17:46:39','barefoot',NULL,NULL),('cell','config','Container_Carousel.required.all.style.js_bfcms','cells/ctr/carousel.css','2016-03-03 17:46:39','barefoot',NULL,NULL),('cell','config','Container_Fade.additional_options.auto_time.description','seconds per frame','2016-03-03 17:46:39','barefoot',NULL,NULL),('cell','config','Container_Fade.additional_options.auto_time.name','Speed','2016-03-03 17:46:39','barefoot',NULL,NULL),('cell','config','Container_Fade.additional_options.auto_time.options.size','3','2016-03-03 17:46:39','barefoot',NULL,NULL),('cell','config','Container_Fade.additional_options.auto_time.type','text','2016-03-03 17:46:39','barefoot',NULL,NULL),('cell','config','Container_Fade.additional_options.use_paging.description','Use Numbered Pagination','2016-03-03 17:46:39','barefoot',NULL,NULL),('cell','config','Container_Fade.additional_options.use_paging.name','Pagination','2016-03-03 17:46:39','barefoot',NULL,NULL),('cell','config','Container_Fade.additional_options.use_paging.type','checkbox','2016-03-03 17:46:39','barefoot',NULL,NULL),('cell','config','Container_Fade.classes.border-rounded','Rounded Edges','2016-03-03 17:46:39','barefoot',NULL,NULL),('cell','config','Container_Fade.classes.full-width','100% Width','2016-03-03 17:46:39','barefoot',NULL,NULL),('cell','config','Container_Fade.classes.on-top','Bring to Top','2016-03-03 17:46:39','barefoot',NULL,NULL),('cell','config','Container_Fade.required.all.script.jquery.js_bfcms','ui','2016-03-03 17:46:39','barefoot',NULL,NULL),('cell','config','Container_Fade.required.all.script.js_bfcms','cells/ctr/fade.js','2016-03-03 17:46:39','barefoot',NULL,NULL),('cell','config','Container_Fade.required.all.style.js_bfcms','cells/ctr/fade.css','2016-03-03 17:46:39','barefoot',NULL,NULL),('cell','config','Container_Fade.resources.jquery','ui','2016-03-09 20:16:28','system',NULL,NULL),('cell','config','Container_Fade.resources.script.fade_js.mode','append','2016-03-09 20:05:11','system',NULL,NULL),('cell','config','Container_Fade.resources.script.fade_js.url','/res/js/bfc_common/bfcms/cells/ctr/fade.js','2016-03-09 20:05:11','system',NULL,NULL),('cell','config','Container_Fade.resources.stylesheet.fade_css.mode','append','2016-03-09 20:05:11','system',NULL,NULL),('cell','config','Container_Fade.styles.columns','White','2016-03-03 17:46:39','barefoot',NULL,NULL),('cell','config','Container_Footer_Slider.custom_classes.col1','Column 1','2016-03-03 17:46:39','barefoot',NULL,NULL),('cell','config','Container_Footer_Slider.custom_classes.col2','Column 2','2016-03-03 17:46:39','barefoot',NULL,NULL),('cell','config','Container_Footer_Slider.custom_classes.col3','Column 3','2016-03-03 17:46:39','barefoot',NULL,NULL),('cell','config','Container_Footer_Slider.custom_classes.col4','Column 4','2016-03-03 17:46:39','barefoot',NULL,NULL),('cell','config','Container_Footer_Slider.custom_classes.col5','Column 5','2016-03-03 17:46:39','barefoot',NULL,NULL),('cell','config','Container_Random.cache.disable','true','2016-03-03 17:46:39','barefoot',NULL,NULL),('cell','targets','default','Main Content Area',NULL,NULL,NULL,NULL),('cell','templates','default','Default','2016-04-21 20:11:10','barefoot',NULL,NULL),('cell','listing','display_custom_cells','false','2016-03-03 17:46:39','barefoot',NULL,NULL),('cell','styles','empty','White','2016-04-21 20:11:10','barefoot',NULL,NULL),('cell','config','Event.additional_options._data_int2.connector.class','CAFE_Event',NULL,NULL,NULL,NULL),('cell','config','Event.additional_options._data_int2.connector.method','list_types',NULL,NULL,NULL,NULL),('cell','config','Event.additional_options._data_int2.name','Event Type',NULL,NULL,NULL,NULL),('cell','config','Event.additional_options._data_optional1.connector.class','CAFE_Chapter',NULL,NULL,NULL,NULL),('cell','config','Event.additional_options._data_optional1.connector.method','list_chapters',NULL,NULL,NULL,NULL),('cell','config','Event.additional_options._data_optional1.name','Chapter',NULL,NULL,NULL,'.'),('cell','config','Event.default.date_format','F jS, Y','2016-03-03 17:46:39','barefoot',NULL,NULL),('cell','config','Event.default.date_format_deadline','F jS Y','2016-03-03 17:46:39','barefoot',NULL,NULL),('cell','config','Event.default.date_format_end','F j Y','2016-03-03 17:46:39','barefoot',NULL,NULL),('cell','config','Event.default.date_format_end_no_month','-j Y','2016-03-03 17:46:39','barefoot',NULL,NULL),('cell','config','Event.default.date_format_start','F j','2016-03-03 17:46:39','barefoot',NULL,NULL),('cell','config','Event.default.headline_tag','h3','2016-03-03 17:46:39','barefoot',NULL,NULL),('cell','config','Event.default.show_date','true','2016-03-03 17:46:39','barefoot',NULL,NULL),('cell','config','Event.default.show_image','true','2016-03-03 17:46:39','barefoot',NULL,NULL),('cell','config','Event.default.simulate_dynamic_page','false','2016-03-03 17:46:39','barefoot',NULL,NULL),('cell','config','Event.default.tickets.enabled','false','2016-03-03 17:46:39','barefoot',NULL,NULL),('cell','config','Event.default.tickets.sort_order','-2','2016-03-03 17:46:39','barefoot',NULL,NULL),('cell','config','Event.default.tickets.target','cells','2016-03-03 17:46:39','barefoot',NULL,NULL),('cell','config','Event.default.time_format_end','- g:ia','2016-03-03 17:46:39','barefoot',NULL,NULL),('cell','config','Event.default.time_format_start','g:ia','2016-03-03 17:46:39','barefoot',NULL,NULL),('cell','config','Event.default.venue.enabled','false','2016-03-03 17:46:39','barefoot',NULL,NULL),('cell','config','Event.default.venue.sort_order','-1','2016-03-03 17:46:39','barefoot',NULL,NULL),('cell','config','Event.default.venue.target','cells','2016-03-03 17:46:39','barefoot',NULL,NULL),('cell','config','Event.edit.admission_contact','true','2016-03-03 17:46:39','barefoot',NULL,NULL),('cell','config','Event.edit.admission_contact_email','true','2016-03-03 17:46:39','barefoot',NULL,NULL),('cell','config','Event.edit.admission_contact_email_alternate','true','2016-03-03 17:46:39','barefoot',NULL,NULL),('cell','config','Event.edit.admission_contact_fax','true','2016-03-03 17:46:39','barefoot',NULL,NULL),('cell','config','Event.edit.admission_contact_first_name','true','2016-03-03 17:46:39','barefoot',NULL,NULL),('cell','config','Event.edit.admission_contact_home_phone','true','2016-03-03 17:46:39','barefoot',NULL,NULL),('cell','config','Event.edit.admission_contact_job_title','true','2016-03-03 17:46:39','barefoot',NULL,NULL),('cell','config','Event.edit.admission_contact_last_name','true','2016-03-03 17:46:39','barefoot',NULL,NULL),('cell','config','Event.edit.admission_contact_mobile','true','2016-03-03 17:46:39','barefoot',NULL,NULL),('cell','config','Event.edit.admission_contact_office_phone','true','2016-03-03 17:46:39','barefoot',NULL,NULL),('cell','config','Event.edit.admission_contact_permissions','true','2016-03-03 17:46:39','barefoot',NULL,NULL),('cell','config','Event.edit.admission_contact_suffix','true','2016-03-03 17:46:39','barefoot',NULL,NULL),('cell','config','Event.edit.admission_contact_title','true','2016-03-03 17:46:39','barefoot',NULL,NULL),('cell','config','Event.edit.admission_contact_toll_free','true','2016-03-03 17:46:39','barefoot',NULL,NULL),('cell','config','Event.edit.admission_office','true','2016-03-03 17:46:39','barefoot',NULL,NULL),('cell','config','Event.edit.image','true','2016-03-03 17:46:39','barefoot',NULL,NULL),('cell','config','Event.edit.venue_contact','true','2016-03-03 17:46:39','barefoot',NULL,NULL),('cell','config','Event.edit.venue_contact_email','true','2016-03-03 17:46:39','barefoot',NULL,NULL),('cell','config','Event.edit.venue_contact_email_alternate','true','2016-03-03 17:46:39','barefoot',NULL,NULL),('cell','config','Event.edit.venue_contact_fax','true','2016-03-03 17:46:39','barefoot',NULL,NULL),('cell','config','Event.edit.venue_contact_first_name','true','2016-03-03 17:46:39','barefoot',NULL,NULL),('cell','config','Event.edit.venue_contact_home_phone','true','2016-03-03 17:46:39','barefoot',NULL,NULL),('cell','config','Event.edit.venue_contact_job_title','true','2016-03-03 17:46:39','barefoot',NULL,NULL),('cell','config','Event.edit.venue_contact_last_name','true','2016-03-03 17:46:39','barefoot',NULL,NULL),('cell','config','Event.edit.venue_contact_mobile','true','2016-03-03 17:46:39','barefoot',NULL,NULL),('cell','config','Event.edit.venue_contact_office_phone','true','2016-03-03 17:46:39','barefoot',NULL,NULL),('cell','config','Event.edit.venue_contact_permissions','true','2016-03-03 17:46:39','barefoot',NULL,NULL),('cell','config','Event.edit.venue_contact_suffix','true','2016-03-03 17:46:39','barefoot',NULL,NULL),('cell','config','Event.edit.venue_contact_title','true','2016-03-03 17:46:39','barefoot',NULL,NULL),('cell','config','Event.edit.venue_contact_toll_free','true','2016-03-03 17:46:39','barefoot',NULL,NULL),('cell','config','Event.listing.sort.ends_on','End Date',NULL,NULL,NULL,NULL),('cell','config','Event.listing.sort.name','Event Name',NULL,NULL,NULL,NULL),('cell','config','Event.listing.sort.starts_on','Start Date',NULL,NULL,NULL,NULL),('cell','config','Event.model','BFCMS_Event',NULL,NULL,NULL,NULL),('cell','config','Event.summary.date_format','d.m.y','2016-03-03 17:46:39','barefoot',NULL,NULL),('cell','config','Event.summary.date_format_end','d.m.y','2016-03-03 17:46:39','barefoot',NULL,NULL),('cell','config','Event.summary.date_format_end_no_month','-d Y','2016-03-03 17:46:39','barefoot',NULL,NULL),('cell','config','Event.summary.date_format_start','m.d','2016-03-03 17:46:39','barefoot',NULL,NULL),('cell','config','Event.summary.headline_tag','h3','2016-03-03 17:46:39','barefoot',NULL,NULL),('cell','config','Event.summary.link_text','More Information','2016-03-03 17:46:39','barefoot',NULL,NULL),('cell','config','Event.summary.show_date','false','2016-03-03 17:46:39','barefoot',NULL,NULL),('cell','config','Event.summary.show_date_range','false','2016-03-03 17:46:39','barefoot',NULL,NULL),('cell','config','Event.summary.show_image','true','2016-03-03 17:46:39','barefoot',NULL,NULL),('cell','config','Event.summary.show_link','true','2016-03-03 17:46:39','barefoot',NULL,NULL),('cell','config','Event.summary_alt.headline_tag','h4',NULL,NULL,NULL,NULL),('cell','config','Event.summary_alt.link_text','Sign Up Now',NULL,NULL,NULL,NULL),('cell','config','Event.summary_alt.show_date','false',NULL,NULL,NULL,NULL),('cell','config','Event.summary_alt.show_date_range','false',NULL,NULL,NULL,NULL),('cell','config','Event.summary_alt.show_image','false',NULL,NULL,NULL,NULL),('cell','config','Event.summary_alt.show_link','true',NULL,NULL,NULL,NULL),('cell','config','Event.templates.default','Full Event Description','2016-03-03 17:46:39','barefoot',NULL,NULL),('cell','config','Event.templates.sidebar','Sidebar',NULL,NULL,NULL,NULL),('cell','config','Event.templates.summary','Event Summary','2016-03-03 17:46:39','barefoot',NULL,NULL),('cell','config','Event.templates.summary_alt','Event Summary (Alt)',NULL,NULL,NULL,NULL),('cell','config','Event.translation.enabled','true','2016-03-03 17:46:39','barefoot',NULL,NULL),('cell','config','Event.wrapper.model','BFCMS_Event','2016-03-03 17:46:39','barefoot',NULL,NULL),('cell','config','Event_Calendar.css','event_calendar.css','2016-03-03 17:46:39','barefoot',NULL,NULL),('cell','config','Event_Calendar.required.all.script.jquery.js_bfcms','ui','2016-03-03 17:46:39','barefoot',NULL,NULL),('cell','config','Event_Calendar.required.all.script.js_bfcms','cells/event/calendar.js','2016-03-03 17:46:39','barefoot',NULL,NULL),('cell','config','Event_Calendar.required.all.style.js_bfcms','cells/event/calendar.css','2016-03-03 17:46:39','barefoot',NULL,NULL),('cell','config','Event_Calendar.translation.enabled','true','2016-03-03 17:46:39','barefoot',NULL,NULL),('cell','config','Faq.contextMenu.link.icon','help.png','2016-03-03 17:46:39','barefoot',NULL,NULL),('cell','config','Faq.contextMenu.link.name','Add Question','2016-03-03 17:46:39','barefoot',NULL,NULL),('cell','config','Faq.contextMenu.link.url','/faq/create','2016-03-03 17:46:39','barefoot',NULL,NULL),('cell','config','Faq.contextMenu.link.urlBase','cell','2016-03-03 17:46:39','barefoot',NULL,NULL),('cell','config','Faq.defaults.preferred_target','default','2016-03-03 17:46:39','barefoot',NULL,NULL),('cell','config','Faq.listing.enabled','true','2016-03-03 17:46:39','barefoot',NULL,NULL),('cell','config','Faq.listing.name','FAQ Question','2016-03-03 17:46:39','barefoot',NULL,NULL),('cell','config','Faq.translation.enabled','true','2016-03-03 17:46:39','barefoot',NULL,NULL),('cell','config','FaqContainer.contextMenu.link.icon','help.png','2016-03-03 17:46:39','barefoot',NULL,NULL),('cell','config','FaqContainer.contextMenu.link.name','Add Question','2016-03-03 17:46:39','barefoot',NULL,NULL),('cell','config','FaqContainer.contextMenu.link.url','/faq/create','2016-03-03 17:46:39','barefoot',NULL,NULL),('cell','config','FaqContainer.contextMenu.link.urlBase','cell','2016-03-03 17:46:39','barefoot',NULL,NULL),('cell','config','Feed_Twitter2.access_secret','lgEacx3RbCdcCXl8MO6z3bfmVv7uCtO0jJuOXLOw5A','2016-03-03 17:46:39','barefoot',NULL,NULL),('cell','config','Feed_Twitter2.access_token','1160279138-uZrVigLG1BJVUoPQwOI68sgc9uTs9gFsofLTr0d','2016-03-03 17:46:39','barefoot',NULL,NULL),('cell','config','Feed_Twitter2.consumer_key','4VTAMIQuSg45RaWamyZ8A','2016-03-03 17:46:39','barefoot',NULL,NULL),('cell','config','Feed_Twitter2.consumer_secret','Skcl9Ov3OK4J4NoZ5wLlgAwo5GdaQG5HqBKlYpyRCk','2016-03-03 17:46:39','barefoot',NULL,NULL),('cell','config','Feed_Twitter2.resources.jquery','','2016-03-10 16:23:46','barefoot',NULL,NULL),('cell','config','Feed_Twitter2.templates.default','Tweets Only','2016-03-03 17:46:39','barefoot',NULL,NULL),('cell','config','Feed_Twitter2.templates.follow','Tweets & Follow','2016-03-03 17:46:39','barefoot',NULL,NULL),('cell','config','Feed_Twitter2.templates.sidebar','Sidebar',NULL,NULL,NULL,NULL),('cell','config','Feed_Twitter2.translation.enabled','true','2016-03-03 17:46:39','barefoot',NULL,NULL),('cell','config','Form.field_types.checkbox.name','Checkbox List','2016-03-03 17:46:39','barefoot',NULL,NULL),('cell','config','Form.field_types.checkbox.validator','Frink_Form_Validate::checkbox','2016-03-03 17:46:39','barefoot',NULL,NULL),('cell','config','Form.field_types.checkbox.view','Frink_Form::checkbox','2016-03-03 17:46:39','barefoot',NULL,NULL),('cell','config','Form.field_types.email.name','Email Address','2016-03-03 17:46:39','barefoot',NULL,NULL),('cell','config','Form.field_types.email.validator','Frink_Form_Validate::email','2016-03-03 17:46:39','barefoot',NULL,NULL),('cell','config','Form.field_types.email.view','Frink_Form::email','2016-03-03 17:46:39','barefoot',NULL,NULL),('cell','config','Form.field_types.multiline.name','Multi-line Text Area','2016-03-03 17:46:39','barefoot',NULL,NULL),('cell','config','Form.field_types.multiline.validator','Frink_Form_Validate::textArea','2016-03-03 17:46:39','barefoot',NULL,NULL),('cell','config','Form.field_types.multiline.view','Frink_Form::textArea','2016-03-03 17:46:39','barefoot',NULL,NULL),('cell','config','Form.field_types.radio.name','Radio Buttons','2016-03-03 17:46:39','barefoot',NULL,NULL),('cell','config','Form.field_types.radio.validator','Frink_Form_Validate::radio','2016-03-03 17:46:39','barefoot',NULL,NULL),('cell','config','Form.field_types.radio.view','Frink_Form::radio','2016-03-03 17:46:39','barefoot',NULL,NULL),('cell','config','Form.field_types.select.name','Select Box','2016-03-03 17:46:39','barefoot',NULL,NULL),('cell','config','Form.field_types.select.validator','Frink_Form_Validate::select','2016-03-03 17:46:39','barefoot',NULL,NULL),('cell','config','Form.field_types.select.view','Frink_Form::select','2016-03-03 17:46:39','barefoot',NULL,NULL),('cell','config','Form.field_types.text.name','Text Field','2016-03-03 17:46:39','barefoot',NULL,NULL),('cell','config','Form.field_types.text.validator','Frink_Form_Validate::textField','2016-03-03 17:46:39','barefoot',NULL,NULL),('cell','config','Form.field_types.text.view','Frink_Form::textField','2016-03-03 17:46:39','barefoot',NULL,NULL),('cell','config','Form.required.all.style.js_bfcms','cells/form/form.css','2016-03-03 17:46:39','barefoot',NULL,NULL),('cell','config','Form.translation.enabled','true','2016-03-03 17:46:39','barefoot',NULL,NULL),('cell','config','Form_Basic.translation.enabled','true','2016-03-03 17:46:39','barefoot',NULL,NULL),('cell','config','Gallery.fields.alt','false','2016-03-03 17:46:39','barefoot',NULL,NULL),('cell','config','Gallery.fields.caption','true','2016-03-03 17:46:39','barefoot',NULL,NULL),('cell','config','Gallery.fields.link','false','2016-03-03 17:46:39','barefoot',NULL,NULL),('cell','config','Gallery.required.all.script.jquery.js_bfcms','lightbox','2016-03-03 17:46:39','barefoot',NULL,NULL),('cell','config','Gallery.required.all.script.js_bfcms','cells/gallery/gallery.js','2016-03-03 17:46:39','barefoot',NULL,NULL),('cell','config','Gallery.required.all.style.js_bfcms','jquery/lightbox.css, cells/gallery/gallery.css','2016-03-03 17:46:39','barefoot',NULL,NULL),('cell','config','Gallery.required.carousel.script.jquery.js_bfcms','jcarousel','2016-03-03 17:46:39','barefoot',NULL,NULL),('cell','config','Gallery.resources.jquery','lightbox','2016-03-16 13:10:48','barefoot',NULL,NULL),('cell','config','Gallery.resources.script.gallery_js.mode','append','2016-03-16 13:10:48','barefoot',NULL,NULL),('cell','config','Gallery.resources.script.gallery_js.url','/res/js/bfc_common/bfcms/cells/gallery/gallery.js','2016-03-16 13:10:48','barefoot',NULL,NULL),('cell','config','Gallery.resources.stylesheet.gallery_css.mode','append','2016-03-16 13:10:48','barefoot',NULL,NULL),('cell','config','Gallery.resources.stylesheet.gallery_css.url','/res/js/bfc_common/bfcms/cells/gallery/gallery.css','2016-03-16 13:10:48','barefoot',NULL,NULL),('cell','config','Gallery.resources.stylesheet.gallery_lightbox_css.mode','append','2016-03-16 13:10:48','barefoot',NULL,NULL),('cell','config','Gallery.resources.stylesheet.gallery_lightbox_css.url','/res/js/bfc_common/bfcms/jquery/lightbox.css','2016-03-16 13:10:48','barefoot',NULL,NULL),('cell','config','Gallery.templates.carousel','Carousel','2016-03-03 17:46:39','barefoot',NULL,NULL),('cell','config','Gallery.templates.default','Default','2016-03-03 17:46:39','barefoot',NULL,NULL),('cell','config','Gallery.translation.enabled','true','2016-03-03 17:46:39','barefoot',NULL,NULL),('cell','config','Gallery_Fade.required.all.script.jquery.js_bfcms','ui','2016-03-03 17:46:39','barefoot',NULL,NULL),('cell','config','Gallery_Fade.required.all.script.js_bfcms','cells/ctr/fade.js','2016-03-03 17:46:39','barefoot',NULL,NULL),('cell','config','Gallery_Fade.required.all.style.js_bfcms','cells/ctr/fade.css','2016-03-03 17:46:39','barefoot',NULL,NULL),('cell','config','Gallery_Fade.translation.enabled','true','2016-03-03 17:46:39','barefoot',NULL,NULL),('cell','contextMenu','icon','menu_open.png','2016-03-03 17:46:39','barefoot',NULL,NULL),('cell','config','Icon-Feature.classes.border-rounded','Rounded Edges','2016-03-03 17:46:39','barefoot',NULL,NULL),('cell','config','Icon-Feature.classes.if-icon-large','Large Icon',NULL,NULL,NULL,NULL),('cell','config','Icon-Feature.classes.if-icon-on-top','Icon on Top','2016-03-03 17:46:39','barefoot',NULL,NULL),('cell','config','Icon-Feature.classes.if-icon-xlarge','Extra Large Icon',NULL,NULL,NULL,NULL),('cell','config','Image-Feature.classes.if-bg-contain','Full Image','2016-03-03 17:46:39','barefoot',NULL,NULL),('cell','config','Image-Feature.classes.if-center','Centred Content',NULL,NULL,NULL,NULL),('cell','config','Image-Feature.classes.if-large','Large Format',NULL,NULL,NULL,NULL),('cell','config','Image-Feature.classes.if-video-link','Video Link',NULL,NULL,NULL,NULL),('cell','config','Image-Feature.listing.enabled','true','2016-03-03 17:46:39','barefoot',NULL,NULL),('cell','config','Image-Feature.listing.name','Image-Feature','2016-03-03 17:46:39','barefoot',NULL,NULL),('cell','config','Image-Feature.templates.default','Default',NULL,NULL,NULL,NULL),('cell','config','Image-Feature.templates.horiz','Horizontal',NULL,NULL,NULL,NULL),('cell','config','Image-Feature.translation.enabled','true','2016-03-03 17:46:39','barefoot',NULL,NULL),('cell','richtext','init','/res/js/tiny_mce.init.js','2016-03-03 17:46:39','barefoot',NULL,NULL),('cell','config','Listing.classes.bf-horiz','Horizontal Layout',NULL,NULL,NULL,NULL),('cell','config','Listing.classes.fex-separator','Row Separator',NULL,NULL,NULL,NULL),('cell','config','Listing.resources.jquery','','2016-03-17 20:36:52','barefoot',NULL,NULL),('cell','config','Listing.resources.script.listing_js.mode','append','2016-03-17 20:36:52','barefoot',NULL,NULL),('cell','config','Listing.resources.script.listing_js.url','/res/js/bfc_common/bfcms/cells/listing/listing.js','2016-03-17 20:36:52','barefoot',NULL,NULL),('cell','config','Map.resources.script.google_maps_api.mode','append','2016-03-15 20:13:21','barefoot',NULL,NULL),('cell','config','Map.resources.script.google_maps_api.url','http://maps.googleapis.com/maps/api/js','2016-03-15 20:13:21','barefoot',NULL,NULL),('cell','defaults','name','New Content','2016-03-03 17:46:39','barefoot',NULL,NULL),('cell','config','Navigation.advanced_tab','true','2016-03-03 17:46:39','barefoot',NULL,NULL),('cell','config','Navigation.cache.require_page_key','true','2016-03-03 17:46:39','barefoot',NULL,NULL),('cell','config','Navigation.classes.inline_nav','Inline Listing','2016-03-03 17:46:39','barefoot',NULL,NULL),('cell','config','Navigation.templates.default','Full Navigation',NULL,NULL,NULL,NULL),('cell','config','Navigation.templates.root_only','Top Level Navigation',NULL,NULL,NULL,NULL),('cell','config','Navigation.templates.subnav','Subnavigation',NULL,NULL,NULL,NULL),('cell','config','Navigation.translation.enabled','true','2016-03-03 17:46:39','barefoot',NULL,NULL),('cell','defaults','preferred_target','default','2016-03-03 17:46:39','barefoot',NULL,NULL),('cell','config','Product.model','BFCMS_Product',NULL,NULL,NULL,NULL),('cell','config','Product.templates.default','Default','2016-03-08 17:51:35','barefoot',NULL,NULL),('cell','config','Product.templates.summary','Summary','2016-03-08 17:51:42','barefoot',NULL,NULL),('cell','config','RichText.classes.pull-left','Left Align',NULL,NULL,NULL,NULL),('cell','config','RichText.classes.pull-right','Right Align',NULL,NULL,NULL,NULL),('cell','config','RichText.listing.enabled','true','2016-03-03 17:46:39','barefoot',NULL,NULL),('cell','config','RichText.listing.name','Text Block','2016-03-03 17:46:39','barefoot',NULL,NULL),('cell','config','RichText.styles.empty','Default',NULL,NULL,NULL,NULL),('cell','config','RichText.styles.transparent','Transparent',NULL,NULL,NULL,NULL),('cell','config','RichText.translation.enabled','true','2016-03-03 17:46:39','barefoot',NULL,NULL),('cell','config','Separator.layout.use_background_image','false','2016-03-03 17:46:39','barefoot',NULL,NULL),('cell','config','Separator.layout.use_classes','true','2016-03-03 17:46:39','barefoot',NULL,NULL),('cell','config','Separator.layout.use_margins','true','2016-03-03 17:46:39','barefoot',NULL,NULL),('cell','config','Separator.layout.use_padding','false','2016-03-03 17:46:39','barefoot',NULL,NULL),('cell','config','Separator.layout.use_styles','false','2016-03-03 17:46:39','barefoot',NULL,NULL),('cell','config','Separator.styles.empty','Default','2016-03-03 17:46:39','barefoot',NULL,NULL),('cell','targets','sidebar','Sidebar',NULL,NULL,NULL,NULL),('cell','defaults','style','empty','2016-03-03 17:46:39','barefoot',NULL,NULL),('cell','paths','stylePath','styles','2016-03-03 17:46:39','barefoot',NULL,NULL),('cell','defaults','template','default','2016-03-03 17:46:39','barefoot',NULL,NULL),('cell','paths','templatePath','templates','2016-03-03 17:46:39','barefoot',NULL,NULL),('cell','config','Testimonial.edit.show_additional','false','2016-03-03 17:46:39','barefoot',NULL,NULL),('cell','config','Testimonial.edit.show_company','false','2016-03-03 17:46:39','barefoot',NULL,NULL),('cell','config','Testimonial.edit.show_company_url','false','2016-03-03 17:46:39','barefoot',NULL,NULL),('cell','config','Testimonial.edit.show_position','false','2016-03-03 17:46:39','barefoot',NULL,NULL),('cell','config','Testimonial.translation.enabled','true','2016-03-03 17:46:39','barefoot',NULL,NULL),('cell','config','Textoverlay.translation.enabled','true','2016-03-03 17:46:39','barefoot',NULL,NULL),('cell','config','ThumbnailText','','2016-03-03 17:46:39','barefoot',NULL,NULL),('cell','config','ThumbnailText.translation.enabled','true','2016-03-03 17:46:39','barefoot',NULL,NULL),('cell','listing','types.Article','Articles & News','2016-03-03 17:46:39','barefoot',NULL,NULL),('cell','listing','types.Base','HTML','2016-03-03 17:46:39','barefoot',NULL,NULL),('cell','listing','types.Container','Container','2016-03-03 17:46:39','barefoot',NULL,NULL),('cell','listing','types.Container_Carousel','Container - Slider','2016-03-03 17:46:39','barefoot',NULL,NULL),('cell','listing','types.Event','Event','2016-03-03 17:46:39','barefoot',NULL,NULL),('cell','listing','types.Feed_Twitter2','Social Media - Twitter Feed','2016-03-03 17:46:39','barefoot',NULL,NULL),('cell','listing','types.Form','Form','2016-03-03 17:46:39','barefoot',NULL,NULL),('cell','listing','types.Form_Basic','Form (HTML-based)','2016-03-03 17:46:39','barefoot',NULL,NULL),('cell','listing','types.Gallery','Gallery','2016-03-03 17:46:39','barefoot',NULL,NULL),('cell','listing','types.Icon-Feature','Feature (Icon & Link)','2016-03-03 17:46:39','barefoot',NULL,NULL),('cell','listing','types.Image-Feature','Feature (Image & Link)','2016-03-03 17:46:39','barefoot',NULL,NULL),('cell','listing','types.Listing','Listing','2016-03-03 17:46:39','barefoot',NULL,NULL),('cell','listing','types.Navigation','Navigation','2016-03-03 17:46:39','barefoot',NULL,NULL),('cell','listing','types.RichText','Text Block','2016-03-03 17:46:39','barefoot',NULL,NULL),('cell','listing','types.Separator','Separator','2016-03-03 17:46:39','barefoot',NULL,NULL),('cell','listing','types.Textoverlay','Slide','2016-03-03 17:46:39','barefoot',NULL,NULL),('cell','config','User_Opportunity.templates.default','Default',NULL,NULL,NULL,NULL),('cell','config','User_Opportunity.templates.summary','Summary (Horizontal)',NULL,NULL,NULL,NULL),('cell','config','User_Opportunity.templates.summary_v','Summary (Vertical)',NULL,NULL,NULL,NULL),('cell','options','use_transformed_parameters','false','2016-03-03 17:46:39','barefoot',NULL,NULL),('cell','paths','viewBase','cell','2016-03-03 17:46:39','barefoot',NULL,NULL),('cell','options','wrap_in_containers','true','2016-03-03 17:46:39','barefoot',NULL,NULL),('layout','zones','cells','Featurette Sidebar','2016-03-03 17:46:39','barefoot',NULL,NULL),('layout','admin','config.use_drag_drop','false','2016-03-03 17:46:39','barefoot',NULL,NULL),('layout','zones','default','Main Content Area','2016-03-03 17:46:39','barefoot',NULL,NULL),('layout','template','default.cell1.params.content','<h1>%s</h1><p>Omnis dicant aliquam ex eum, vel etiam mazim praesent id. Et adipisci invenire eos. Sonet decore maiestatis per cu. Noster aperiri ceteros an his.</p>','2016-03-03 17:46:39','barefoot',NULL,NULL),('layout','template','default.cell1.sort_order','-1','2016-03-03 17:46:39','barefoot',NULL,NULL),('layout','template','default.cell1.type','RichText','2016-03-03 17:46:39','barefoot',NULL,NULL),('layout','ajax','layout','ajax','2016-03-03 17:46:39','barefoot',NULL,NULL),('layout','admin','roles.admin','admin','2016-03-03 17:46:39','barefoot',NULL,NULL),('layout','admin','roles.barefoot','barefoot','2016-03-03 17:46:39','barefoot',NULL,NULL),('layout','defaults','script','default','2016-03-03 17:46:39','barefoot',NULL,NULL),('layout','admin','scripts.admin_js.file','admin/global/admin.js','2016-03-03 17:46:39','barefoot',NULL,NULL),('layout','admin','scripts.admin_js.ns','js_bfcms','2016-03-03 17:46:39','barefoot',NULL,NULL),('layout','admin','scripts.menu_js.file','admin/global/admin-menu.js','2016-03-03 17:46:39','barefoot',NULL,NULL),('layout','admin','scripts.menu_js.ns','js_bfcms','2016-03-03 17:46:39','barefoot',NULL,NULL),('layout','admin','styles.admin_css.file','admin/global/admin.css','2016-03-03 17:46:39','barefoot',NULL,NULL),('layout','admin','styles.admin_css.method','prepend','2016-03-03 17:46:39','barefoot',NULL,NULL),('layout','admin','styles.admin_css.ns','js_bfcms','2016-03-03 17:46:39','barefoot',NULL,NULL),('layout','admin','styles.admin_font.file','http://fonts.googleapis.com/css?family=Open+Sans:700,300,800,400','2016-03-03 17:46:39','barefoot',NULL,NULL),('layout','admin','styles.admin_font.method','prepend','2016-03-03 17:46:39','barefoot',NULL,NULL),('layout','admin','styles.admin_font.ns','url','2016-03-03 17:46:39','barefoot',NULL,NULL),('layout','admin','styles.bootstrap_css.file','bootstrap.min.css','2016-03-03 17:46:39','barefoot',NULL,NULL),('layout','admin','styles.bootstrap_css.method','prepend','2016-03-03 17:46:39','barefoot',NULL,NULL),('layout','admin','styles.bootstrap_css.ns','css','2016-03-03 17:46:39','barefoot',NULL,NULL),('layout','admin','styles.fontawesome_css.file','font-awesome.min.css','2016-03-03 17:46:39','barefoot',NULL,NULL),('layout','admin','styles.fontawesome_css.method','prepend','2016-03-03 17:46:39','barefoot',NULL,NULL),('layout','admin','styles.fontawesome_css.ns','css','2016-03-03 17:46:39','barefoot',NULL,NULL),('layout','admin','styles.menu_css.file','admin/global/admin-menu.css','2016-03-03 17:46:39','barefoot',NULL,NULL),('layout','admin','styles.menu_css.method','prepend','2016-03-03 17:46:39','barefoot',NULL,NULL),('layout','admin','styles.menu_css.ns','js_bfcms','2016-03-03 17:46:39','barefoot',NULL,NULL),('layout','ajax','useLayout','true','2016-03-03 17:46:39','barefoot',NULL,NULL),('payment','options','add_message','true','2016-09-13 20:41:38','barefoot',NULL,NULL),('payment','options','add_processing_fees','true','2016-09-13 20:41:38','barefoot',NULL,NULL),('payment','options','allow_accounts','false','2016-03-23 20:04:17','barefoot',NULL,NULL),('payment','options','allow_annual','false','2016-09-13 20:41:38','barefoot',NULL,NULL),('payment','options','allow_anonymous','true','2016-09-13 20:41:38','barefoot',NULL,NULL),('payment','options','allow_custom_withdrawal_date','false','2016-09-13 20:41:38','barefoot',NULL,NULL),('payment','options','allow_custom_withdrawl_date','false','2016-03-23 20:04:17','barefoot',NULL,NULL),('payment','options','allow_memorial','true','2016-09-13 20:41:38','barefoot',NULL,NULL),('payment','options','allow_recurring','true','2016-09-13 20:41:38','barefoot',NULL,NULL),('payment','tracking','appeal','WEBSITE','2016-09-13 20:41:38','barefoot',NULL,NULL),('payment','elements','button.class','button','2016-09-13 20:41:38','barefoot',NULL,NULL),('payment','elements','button.text','Donate','2016-09-13 20:41:38','barefoot',NULL,NULL),('payment','text','buttons.account','Create an account for me','2016-09-13 20:41:38','barefoot',NULL,NULL),('payment','text','buttons.add_fees','Add credit card processing fees to my donation','2016-09-13 20:41:38','barefoot',NULL,NULL),('payment','text','buttons.anonymous','Make my gift anonymous','2016-09-13 20:41:38','barefoot',NULL,NULL),('payment','text','buttons.cart','Back to Cart','2016-09-13 20:41:38','barefoot',NULL,NULL),('payment','text','buttons.cart_add','Proceed to Payment','2016-09-13 20:41:38','barefoot',NULL,NULL),('payment','text','buttons.close','Close','2016-09-13 20:41:38','barefoot',NULL,NULL),('payment','text','buttons.pay','Donate','2016-09-13 20:41:38','barefoot',NULL,NULL),('payment','text','buttons.proceed','Proceed to Payment','2016-09-13 20:41:38','barefoot',NULL,NULL),('payment','text','buttons.review','Review Your Gift','2016-09-13 20:41:38','barefoot',NULL,NULL),('payment','text','buttons.review_bill','Review Billing Address','2016-09-13 20:41:38','barefoot',NULL,NULL),('payment','tracking','campaign','GENERAL','2016-09-13 20:41:38','barefoot',NULL,NULL),('payment','text','cart_empty','<p>You have no products in your cart</p>','2016-03-10 15:36:03','barefoot',NULL,NULL),('payment','options','cart_mode','single','2016-09-13 20:41:38','barefoot',NULL,NULL),('payment','options','company','true','2016-09-13 20:41:38','barefoot',NULL,NULL),('payment','currencies','default','cad','2016-09-13 20:41:38','barefoot',NULL,NULL),('payment','options','enabled','true','2016-03-08 21:23:14','barefoot',NULL,NULL),('payment','processor','fees.flat','0.3','2016-09-13 20:41:38','barefoot',NULL,NULL),('payment','processor','fees.percentage','2.9','2016-09-13 20:41:38','barefoot',NULL,NULL),('payment','stripe','is_live','false','2016-03-08 15:54:33','barefoot',NULL,NULL),('payment','text','labels.address','Address','2016-09-13 20:41:38','barefoot',NULL,NULL),('payment','text','labels.address2','Unit/Apt No.','2016-09-13 20:41:38','barefoot',NULL,NULL),('payment','text','labels.amount','Amount','2016-09-13 20:41:38','barefoot',NULL,NULL),('payment','text','labels.card_cvc','CVC','2016-09-13 20:41:38','barefoot',NULL,NULL),('payment','text','labels.card_expiry','MM / YY','2016-09-13 20:41:38','barefoot',NULL,NULL),('payment','text','labels.card_number','Card Number','2016-09-13 20:41:38','barefoot',NULL,NULL),('payment','text','labels.city','City','2016-09-13 20:41:38','barefoot',NULL,NULL),('payment','text','labels.email','E-mail Address','2016-09-13 20:41:38','barefoot',NULL,NULL),('payment','text','labels.first_name','First Name','2016-09-13 20:41:38','barefoot',NULL,NULL),('payment','text','labels.gift_monthly','Monthly Donation','2016-09-13 20:41:38','barefoot',NULL,NULL),('payment','text','labels.gift_onetime','One Time Donation','2016-09-13 20:41:38','barefoot',NULL,NULL),('payment','text','labels.last_name','Last Name','2016-09-13 20:41:38','barefoot',NULL,NULL),('payment','text','labels.memorial','','2016-09-13 20:41:38','barefoot',NULL,NULL),('payment','text','labels.message','Add a Message','2016-09-13 20:41:38','barefoot',NULL,NULL),('payment','text','labels.postal','Postal Code','2016-09-13 20:41:38','barefoot',NULL,NULL),('payment','text','labels.processing_fees','Processing Fees','2016-09-13 20:41:38','barefoot',NULL,NULL),('payment','text','labels.province','Province','2016-09-13 20:41:38','barefoot',NULL,NULL),('payment','text','labels.total','Total','2016-09-13 20:41:38','barefoot',NULL,NULL),('payment','stripe','live.pk','','2016-09-13 20:41:38','barefoot',NULL,NULL),('payment','stripe','live.sk','','2016-09-13 20:41:38','barefoot',NULL,NULL),('payment','text','messages.anonymous','Your gift will remain anonymous','2016-09-13 20:41:38','barefoot',NULL,NULL),('payment','text','messages.cart_empty','<p>Your cart is empty</p>','2016-09-13 20:41:38','barefoot',NULL,NULL),('payment','text','messages.disclaimer','','2016-09-13 20:41:38','barefoot',NULL,NULL),('payment','text','messages.recurring','','2016-09-13 20:41:38','barefoot',NULL,NULL),('payment','text','messages.thank_you','<p>Thank You!</p>','2016-09-13 20:41:38','barefoot',NULL,NULL),('payment','tracking','project','GENERAL','2016-09-13 20:41:38','barefoot',NULL,NULL),('payment','text','recurring_message','','2016-03-10 15:36:03','barefoot',NULL,NULL),('payment','options','require_phone','false','2016-09-13 20:41:38','barefoot',NULL,NULL),('payment','processor','supports_recurring','true','2016-09-13 20:41:38','barefoot',NULL,NULL),('payment','stripe','test.pk','pk_test_VzB4QM2j8XlIAONRpa4qwq22','2016-09-13 20:41:38','barefoot',NULL,'system'),('payment','stripe','test.sk','sk_test_ODOa0q1J8W0Wt6oIQTEuQgeu','2016-09-13 20:41:38','barefoot',NULL,'system'),('payment','text','thank_you','<p>Thank you!</p>','2016-03-10 15:36:03','barefoot',NULL,NULL),('payment','currencies','types.cad.enabled','true','2016-09-13 20:41:38','barefoot',NULL,NULL),('payment','currencies','types.cad.symbol','$','2016-09-13 20:41:38','barefoot',NULL,NULL),('payment','stripe','use_receipts','true',NULL,NULL,NULL,NULL),('payment','stripe','use_test_mode','true','2016-09-13 20:41:38','barefoot',NULL,NULL),('site','urls','admin','/admin','2016-03-03 17:46:39','barefoot',NULL,NULL),('site','urls','ads','/ads','2016-03-03 17:46:39','barefoot',NULL,NULL),('site','urls','api','/api','2016-03-03 17:46:39','barefoot',NULL,NULL),('site','language','available.en','English','2016-03-03 17:46:39','barefoot',NULL,NULL),('site','config','base_url','','2016-04-21 16:27:46','barefoot',NULL,NULL),('site','urls','cell','/cell','2016-03-03 17:46:39','barefoot',NULL,NULL),('site','urls','chapters','/chapters',NULL,NULL,NULL,NULL),('site','config','contact.address_1','51 Byron Ave','2016-04-21 16:27:46','barefoot',NULL,NULL),('site','config','contact.address_2','','2016-04-21 16:27:46','barefoot',NULL,NULL),('site','config','contact.city','Dorchester','2016-04-21 16:27:46','barefoot',NULL,NULL),('site','config','contact.email',NULL,'2016-04-21 16:27:46','barefoot',NULL,NULL),('site','config','contact.fax','(519) 268-2787','2016-04-21 16:27:46','barefoot',NULL,NULL),('site','config','contact.name','Family Enterprise Xchange','2016-04-21 16:27:46','barefoot',NULL,NULL),('site','config','contact.phone','(519) 268-8778','2016-04-21 16:27:46','barefoot',NULL,NULL),('site','config','contact.postal_code','N0L 1G2','2016-04-21 16:27:46','barefoot',NULL,NULL),('site','config','contact.province','ON','2016-04-21 16:27:46','barefoot',NULL,NULL),('site','config','contact.toll_free','','2016-04-21 16:27:46','barefoot',NULL,NULL),('site','urls','css','/res/css','2016-03-03 17:46:39','barefoot',NULL,NULL),('site','dateFormat','database','Y-m-d H:i:s','2016-03-03 17:46:39','barefoot',NULL,NULL),('site','dateFormat','datepicker','yy-mm-dd','2016-03-03 17:46:39','barefoot',NULL,NULL),('site','language','default','en','2016-03-03 17:46:39','barefoot',NULL,NULL),('site','config','domain','cms-dev.barefootinteractive.ca','2016-04-21 16:27:46','barefoot',NULL,NULL),('site','ads','enabled','false','2016-03-03 17:46:39','barefoot',NULL,NULL),('site','config','enable_ssl','true','2016-04-21 16:27:46','barefoot',NULL,NULL),('site','language','fallback','en','2016-03-03 17:46:39','barefoot',NULL,NULL),('site','urls','featurette','/res/feat','2016-03-03 17:46:39','barefoot',NULL,NULL),('site','urls','iconset','/res/icons','2016-03-03 17:46:39','barefoot',NULL,NULL),('site','urls','img','/res/img','2016-03-03 17:46:39','barefoot',NULL,NULL),('site','urls','js','/res/js','2016-03-03 17:46:39','barefoot',NULL,NULL),('site','urls','js_bfcms','/res/js/bfc_common/bfcms','2016-03-03 17:46:39','barefoot',NULL,NULL),('site','urls','js_common','/res/js/bfc_common','2016-03-03 17:46:39','barefoot',NULL,NULL),('site','config','meta.description','','2016-03-03 17:46:39','barefoot',NULL,NULL),('site','config','name','Family Enterprise Xchange','2016-04-21 16:27:46','barefoot',NULL,NULL),('site','config','page.default_name','Untitled Page','2016-03-03 17:46:39','barefoot',NULL,NULL),('site','config','page.style.has_masthead','true','2016-03-03 17:46:39','barefoot',NULL,NULL),('site','config','page.style.has_masthead_bg','true','2016-03-03 17:46:39','barefoot',NULL,NULL),('site','config','page.templates.default','Default','2016-03-03 17:46:39','barefoot',NULL,NULL),('site','urls','secure','http://cms-dev.barefootinteractive.ca','2016-03-03 17:46:39','barefoot',NULL,NULL),('site','config','social.linkedin.api_key',NULL,'2016-03-03 17:46:39','barefoot',NULL,NULL),('site','config','social.linkedin.app_name','Barefoot CMS','2016-03-03 17:46:39','barefoot',NULL,NULL),('site','urls','system','/sys','2016-03-03 17:46:39','barefoot',NULL,NULL),('site','config','tagline','','2016-04-21 16:27:46','barefoot',NULL,NULL),('site','language','unavailable_warning.enabled','false','2016-03-03 17:46:39','barefoot',NULL,NULL),('site','urls','web','http://cms-dev.barefootinteractive.ca','2016-03-03 17:46:39','barefoot',NULL,NULL),('sumac','api','certificate_store','sumac/certs',NULL,NULL,NULL,NULL),('sumac','database','driver','Mysqli',NULL,NULL,NULL,NULL),('sumac','api','host','174.94.149.20',NULL,NULL,NULL,NULL),('sumac','database','host','127.0.0.1',NULL,NULL,NULL,NULL),('sumac','database','password','Y2r797arqqTGYD',NULL,NULL,NULL,NULL),('sumac','login','password','EXTRA7',NULL,NULL,NULL,NULL),('sumac','api','post','9986',NULL,NULL,NULL,NULL),('system','smtp','auth','login',NULL,NULL,NULL,NULL),('system','acl','cell_targetting.enabled','true','2016-03-03 17:46:39','barefoot',NULL,NULL),('system','cdn','convert_static_urls','true','2016-03-03 17:46:39','barefoot',NULL,NULL),('system','session','cookie_domain','.cms-dev.barefootinteractive.ca','2016-03-03 17:46:39','barefoot',NULL,NULL),('system','cache','disk.enabled','false','2016-03-03 17:46:39','barefoot',NULL,NULL),('system','cache','disk.lifetime','7200','2016-03-03 17:46:39','barefoot',NULL,NULL),('system','cache','disk.path','disk','2016-03-03 17:46:39','barefoot',NULL,NULL),('system','database','driver','Mysqli','2016-03-03 17:46:39','barefoot',NULL,NULL),('system','cdn','enabled','false','2016-03-03 17:46:39','barefoot',NULL,NULL),('system','logging','enabled','true','2016-03-03 17:46:39','barefoot',NULL,NULL),('system','redirects','enabled','true',NULL,NULL,NULL,NULL),('system','revision','enabled','true','2016-03-03 17:46:39','barefoot',NULL,NULL),('system','acl','enable_cell_targetting','true','2016-03-03 17:46:39','barefoot',NULL,NULL),('system','cdn','extensions.css','true','2016-03-03 17:46:39','barefoot',NULL,NULL),('system','cdn','extensions.doc','true','2016-03-03 17:46:39','barefoot',NULL,NULL),('system','cdn','extensions.docx','true','2016-03-03 17:46:39','barefoot',NULL,NULL),('system','cdn','extensions.gif','true','2016-03-03 17:46:39','barefoot',NULL,NULL),('system','cdn','extensions.htm','true','2016-03-03 17:46:39','barefoot',NULL,NULL),('system','cdn','extensions.html','true','2016-03-03 17:46:39','barefoot',NULL,NULL),('system','cdn','extensions.jpeg','true','2016-03-03 17:46:39','barefoot',NULL,NULL),('system','cdn','extensions.jpg','true','2016-03-03 17:46:39','barefoot',NULL,NULL),('system','cdn','extensions.js','true','2016-03-03 17:46:39','barefoot',NULL,NULL),('system','cdn','extensions.json','true','2016-03-03 17:46:39','barefoot',NULL,NULL),('system','cdn','extensions.pdf','true','2016-03-03 17:46:39','barefoot',NULL,NULL),('system','cdn','extensions.png','true','2016-03-03 17:46:39','barefoot',NULL,NULL),('system','cdn','extensions.ppt','true','2016-03-03 17:46:39','barefoot',NULL,NULL),('system','cdn','extensions.pptx','true','2016-03-03 17:46:39','barefoot',NULL,NULL),('system','cdn','extensions.pub','true','2016-03-03 17:46:39','barefoot',NULL,NULL),('system','cdn','extensions.pubx','true','2016-03-03 17:46:39','barefoot',NULL,NULL),('system','cdn','extensions.swf','true','2016-03-03 17:46:39','barefoot',NULL,NULL),('system','cdn','extensions.txt','true','2016-03-03 17:46:39','barefoot',NULL,NULL),('system','cdn','extensions.xls','true','2016-03-03 17:46:39','barefoot',NULL,NULL),('system','cdn','extensions.xlsx','true','2016-03-03 17:46:39','barefoot',NULL,NULL),('system','cdn','extensions.xml','false','2016-03-03 17:46:39','barefoot',NULL,NULL),('system','registry','filename','','2016-03-03 17:46:39','barefoot',NULL,NULL),('system','database','host','localhost','2016-03-03 17:46:39','barefoot',NULL,NULL),('system','auth','login.role_redirect.chapter_member','/member',NULL,NULL,NULL,NULL),('system','auth','login.role_redirect.chapter_staff','/member/chapter',NULL,NULL,NULL,NULL),('system','logging','namespace.default.filename','mainlog','2016-03-03 17:46:39','barefoot',NULL,NULL),('system','logging','namespace.default.level','4','2016-03-03 17:46:39','barefoot',NULL,NULL),('system','logging','namespace.login.level','6','2016-03-03 17:46:39','barefoot',NULL,NULL),('system','cache','page.dynamic_only','true','2016-03-03 17:46:39','barefoot',NULL,NULL),('system','cache','page.enabled','false','2016-03-03 17:46:39','barefoot',NULL,NULL),('system','cache','page.lifetime','2400','2016-03-03 17:46:39','barefoot',NULL,NULL),('system','cache','page.path','page','2016-03-03 17:46:39','barefoot',NULL,NULL),('system','database','password','xr25yN11','2016-03-03 17:46:39','barefoot',NULL,NULL),('system','smtp','password','AgaJKgYlhf845q6Q/fCmux7C3/4WP2hbxmtjXqudMyfc',NULL,NULL,NULL,NULL),('system','cells','placement_update','true','2016-03-03 17:46:39','barefoot',NULL,NULL),('system','smtp','port','587',NULL,NULL,NULL,NULL),('system','acl','resources.cells','bfcms_cells','2016-03-03 17:46:39','barefoot',NULL,NULL),('system','acl','resources.pages','bfcms_pages','2016-03-03 17:46:39','barefoot',NULL,NULL),('system','acl','resources.resources','bfcms_resources','2016-03-03 17:46:39','barefoot',NULL,NULL),('system','acl','resources.restrictions','bfcms_restrictions','2016-03-03 17:46:39','barefoot',NULL,NULL),('system','acl','resources.users','bfcms_users','2016-03-03 17:46:39','barefoot',NULL,NULL),('system','acl','roles.guest','anonymous','2016-03-03 17:46:39','barefoot',NULL,NULL),('system','acl','roles.super_user','barefoot','2016-03-03 17:46:39','barefoot',NULL,NULL),('system','database','schema','barefoot-base','2016-03-03 17:46:39','barefoot',NULL,NULL),('system','smtp','server','email-smtp.us-east-1.amazonaws.com',NULL,NULL,NULL,NULL),('system','cdn','servers.server1',NULL,'2016-03-03 17:46:39','barefoot',NULL,NULL),('system','cdn','servers.server2',NULL,'2016-03-03 17:46:39','barefoot',NULL,NULL),('system','cdn','servers.server3',NULL,'2016-03-03 17:46:39','barefoot',NULL,NULL),('system','smtp','ssl','tls',NULL,NULL,NULL,NULL),('system','view','suffix','php','2016-03-03 17:46:39','barefoot',NULL,NULL),('system','cache','sumac.enabled','true',NULL,NULL,NULL,NULL),('system','cache','sumac.lifetime','3600',NULL,NULL,NULL,NULL),('system','cache','sumac.path','sumac',NULL,NULL,NULL,NULL),('system','database','user','root','2016-03-03 17:46:39','barefoot',NULL,NULL),('system','smtp','user','AKIAJDRUA4HNIZ4VW72Q',NULL,NULL,NULL,NULL),('system','auth','user_class','Model_User',NULL,NULL,NULL,NULL),('system','logging','warn_on_error','false','2016-03-03 17:46:39','barefoot',NULL,NULL);


INSERT INTO `bfcms_user` VALUES ('barefoot','ba84e8e6503baa0513bf8803017724d5','0ea4403be6349458e9a37e6484b38d8a',NULL,NULL,0,'216.75.179.222',NULL,NULL,'2012-05-16 14:34:01',0,'','','2009-01-20 10:12:07',NULL,NULL);

INSERT INTO `bfcms_user_details` VALUES (1,'','',NULL,'','','',NULL,'','','','','','','','','','','','','','','','2016-10-05 20:00:40','barefoot','2016-10-05 20:01:57','barefoot',0,0,0,0);

INSERT INTO `bfcms_user_roles` VALUES ('barefoot','admin','2011-09-09 18:18:30','system'),('barefoot','barefoot','2011-09-09 18:18:30','system');
