INSERT INTO `bfcms_acl_permissions` VALUES ('all','All permissions',0,'2008-12-01 15:45:32',NULL),('create','Creating an entry',0,'2008-12-01 15:45:32',NULL),('delete','Deleting an entry',0,'2008-12-01 15:45:32',NULL),('read','Reading/Viewing an entry',0,'2008-12-01 15:45:32',NULL),('update','Updating/Revising an entry',0,'2008-12-01 15:45:32',NULL);


INSERT INTO `bfcms_acl_resources` VALUES ('all','','All resources','2008-11-26 19:55:14','system'),('bfcms_cart',NULL,'Cart Management','2016-03-17 16:01:52','system'),('bfcms_cells',NULL,'All Featurettes','2009-02-18 16:18:20','system'),('bfcms_orders',NULL,'Order Management','2016-03-17 16:35:09','system'),('bfcms_pages','','All pages','2008-12-19 21:50:32','system'),('bfcms_phrase',NULL,'Custom Phrases','2009-10-26 15:19:28','system'),('bfcms_resources',NULL,'','2011-09-27 15:30:22','system'),('bfcms_restrictions',NULL,'','2009-02-09 22:23:40','system'),('bfcms_revisions',NULL,'This is used when we want the ability to change or see different revisions','2009-03-03 16:47:05','system'),('bfcms_system',NULL,'System Configuration & Functionality','2012-04-26 18:05:12','system'),('bfcms_users',NULL,'All Users, Access Permissions','2008-11-26 19:04:43','system');


INSERT INTO `bfcms_acl_role_permissions` VALUES ('admin','all',1,'all','2008-11-26 22:39:02','system'),('barefoot','all',1,'all','2009-02-09 22:24:35','system'),('anonymous','bfcms_cart',1,'read','2016-03-17 16:01:58','system'),('payment_admin','bfcms_cart',1,'all','2016-03-21 20:10:03','system'),('anonymous','bfcms_cells',1,'read','2012-04-17 19:26:49','system'),('anonymous','bfcms_orders',1,'create','2016-03-17 16:35:13','system'),('payment_admin','bfcms_orders',1,'all','2016-03-21 20:10:02','system'),('anonymous','bfcms_pages',1,'read','2012-04-17 19:26:49','system'),('admin','bfcms_phrase',1,'all','2009-10-26 15:19:54','system'),('admin','bfcms_resources',1,'all','2011-09-27 15:30:49','system'),('barefoot','bfcms_resources',1,'all','2011-09-27 15:30:44','system'),('admin','bfcms_restrictions',0,'all','2009-02-09 22:24:06','system'),('admin','bfcms_revisions',1,'all','2009-03-03 16:47:39','system');


INSERT INTO `bfcms_acl_roles` VALUES ('admin',NULL,'Content Administrator','2011-08-31 18:45:55','system'),('anonymous',NULL,'Anonymous web users','2012-04-17 19:26:01','system'),('barefoot',NULL,'Barefoot Creative Staff','2011-08-31 18:45:32','system'),('customer',NULL,'Customer/Donor','2016-03-22 18:48:55','system'),('payment_admin',NULL,'Order Administrator','2016-03-21 20:09:39','system');


--
-- Dumping data for table `bfcms_config`
--




INSERT INTO `bfcms_user` VALUES ('barefoot','ba84e8e6503baa0513bf8803017724d5','0ea4403be6349458e9a37e6484b38d8a',NULL,NULL,0,'216.75.179.222',NULL,NULL,'2012-05-16 14:34:01',0,'','','2009-01-20 10:12:07',NULL,NULL);

INSERT INTO `bfcms_user_details` VALUES (1,'','',NULL,'','','',NULL,'','','','','','','','','','','','','','','','2016-10-05 20:00:40','barefoot','2016-10-05 20:01:57','barefoot',0,0,0,0);

INSERT INTO `bfcms_user_roles` VALUES ('barefoot','admin','2011-09-09 18:18:30','system'),('barefoot','barefoot','2011-09-09 18:18:30','system');
